{"id":1332,"date":"2025-04-15T14:18:26","date_gmt":"2025-04-15T12:18:26","guid":{"rendered":"https:\/\/invalidiradasabac.rs\/?page_id=1332"},"modified":"2025-04-16T14:21:31","modified_gmt":"2025-04-16T12:21:31","slug":"macvanski-cilim","status":"publish","type":"page","link":"https:\/\/invalidiradasabac.rs\/index.php\/macvanski-cilim\/","title":{"rendered":"Ma\u010dvanski \u0107ilim"},"content":{"rendered":"<table style=\"border-collapse: collapse; width: 100%; height: 23px;\">\n<tbody>\n<tr style=\"height: 23px;\">\n<td style=\"width: 47.306%; text-align: justify; height: 23px;\">\u00a0<img loading=\"lazy\" decoding=\"async\" class=\"alignright\" src=\"https:\/\/invalidiradasabac.rs\/wp-content\/uploads\/2025\/04\/mac.cilim-u-ambalazi.jpg\" alt=\"\" width=\"330\" height=\"440\" \/>\u00a0 \u00a0 \u00a0 \u00a0 \u00a0\u00a0<\/td>\n<td style=\"width: 52.694%; height: 23px;\"><img loading=\"lazy\" decoding=\"async\" class=\"\" src=\"https:\/\/invalidiradasabac.rs\/wp-content\/uploads\/2025\/04\/macvanski-cilim-scaled.jpg\" alt=\"\" width=\"330\" height=\"466\" \/><\/td>\n<\/tr>\n<\/tbody>\n<\/table>\n<p style=\"text-align: justify;\">\u00a0 \u00a0 \u00a0 \u00a0 Re\u010d \u0107ilim poti\u010de iz turskog jezika i u na\u0161em narodu ozna\u010dava vunenu tkaninu tkanu na razboju, koja slu\u017ei kao pokriva\u010d pri spavanju, prekriva\u010d za krevet, zidni ukras ili prostirka za pod. \u0106ilim je imao zna\u010dajnu ulogu u obi\u010dajnoj praksi na\u0161eg naroda i pojavljuje se u mnogim obi\u010dajima \u017eivotnog ciklusa. Na \u0107ilim se spu\u0161talo novoro\u0111en\u010de odmah po dolasku na svet, mlada je u miraz donosila \u0107ilim, polagao se u kov\u010deg ispod pokojnika. Brojem \u0107ilima u jednom doma\u0107instvu merila se ekonomska mo\u0107 porodice.<\/p>\n<p style=\"text-align: justify;\">\u00a0 \u00a0 \u00a0 \u00a0 U \u0161aba\u010dkom kraju \u0107ilim je izra\u0111ivan na horizontalnom razboju. Osnova \u0107ilima je kudeljna ili pamu\u010dna, a potka vunena. Sastavljan je iz dve, re\u0111e iz tri pole tkane tehnikama \u010dun\u010danja, kle\u010danja i pretkivanja niti na dasku. Kao nastavak tradicije doseljenih predaka, tokom 19. veka, \u0107ilimarstvo ovog kraja je po\u010divalo na nasle\u0111enim tehnikama, bojama i motivima. Iz tog perioda, poznati su \u0107ilimi \u201eparta\u0161i\u201c \u010diju ornamentiku \u010dine parte, tj. neprekidni niz horizontalnog motiva i jednobojni \u201eklotni\u201c. Postepeno se pod uticajem Vojvodine i panonske kulture, sve vi\u0161e prelazilo na tkanje \u0107ilima sa \u201eokrajnicom\u201c i istaknutim centralnim motivom, oko koga su simetri\u010dno raspore\u0111eni motivi ru\u017ee, grane, listovi, cvetovi, buketi, ptice i geometrijski oblici tkani intenzivnijim tonovima boja. Ma\u010dvanski \u0107ilim karakteri\u0161e floralna ornamentika, uglavnom ru\u017ea (samostalno, u buketu, vencu, u kombinaciji sa partama&#8230;) i predivo jakog kolorita.<\/p>\n<p style=\"text-align: justify;\">\u00a0 \u00a0 \u00a0 \u00a0 Umetni\u010dku vrednost jednog \u0107ilima narod procenjuje po izvedenoj ornamentici i ostvarenoj simetriji u sastavljenim polama, bogatstvu i skladu boja, dok se materijalna strana ogleda u te\u017eini utro\u0161ene vune pri tkanju.<\/p>\n<p style=\"text-align: justify;\">\u00a0 \u00a0 \u00a0 \u00a0 Replika verna originalu \u0107ilima iz etnolo\u0161ke zbirke narodnog muzeja grada \u0160apca izatkana je u tka\u010dkoj radionici \u201eStari zanati\u201c Gradske organizacije invalida rada i invalidskih penzionera, i \u010duva od zaborava deo nematerijalne kulturne ba\u0161tine \u0161aba\u010dkog kraja. Rukotvorine \u0161aba\u010dkog kraja &#8211; \u201eStari zanati\u201c za\u0161ti\u0107eni su oznakom geografskog porekla, kod zavoda za intelektualnu svojinu i nalaze se na me\u0111unarodnoj listi nematerijalne kulturne ba\u0161tine.<\/p>\n<p style=\"text-align: justify;\">\u00a0<\/p>\n<p style=\"text-align: justify;\">\u00a0 \u00a0 \u00a0 \u00a0 The word kilim comes from the Turkish language and for our people it means woolen fabric woven on the loom which serves as a blanket while sleeping, as a bed cover, wall decoration or the floor cover. The kilim had an important role in the customary practice of our people and it appears in numerous habits of a life cycle. The new-born baby was put on the kilim immediately after its birth, the bride brought the kilim as the dowry, it was put in the coffin under the deceased person. The economic power of a family was measured by the number of kilims it had.<\/p>\n<p style=\"text-align: justify;\">\u00a0 \u00a0 \u00a0 \u00a0 In \u0160abac area the kilim was made on the horizontal loom. The base of the kilim is made of hemp or cotton and the woof is made of wool. It was made of two, or more rarely three halves woven by tatting, hand-made weaving and pre-weaving of the thread\u00a0 on the board. As continuation of tradition of immigrant ancestors, kilim production of this area was based on inherited techniques, colours and motifs during 19th century. &#8222;Parta\u0161&#8220; kilims, whose ornaments are made of single-colour lines i.e. continuous line of horizontal motifs and single-colour elements are well-known from that period. Gradually, under the impact of Vojvodina and Pannonian culture, weaving of kilims was switching more and more to weaving of kilims with &#8222;border&#8220; and prominent central motif, surrounded symmetrically by the motif of rose, branch, leaves, flowers, bouquets, birds and geometrical forms woven with more intensives colour tones. The kilim from Ma\u010dva is characterized by floral ornaments, mostly rose (independently, in the bouquet, in combination with \u00a0single-colour lines&#8230;) and by yarn made of bright colours.<\/p>\n<p style=\"text-align: justify;\">\u00a0 \u00a0 \u00a0 \u00a0 The artistic value of one kilim is evaluated by people based on the ornaments made and symmetry in the assembled halves, the richness and the harmony of colours, while the material side is reflected in the weight of wool used for weaving.<\/p>\n<p style=\"text-align: justify;\">\u00a0 \u00a0 \u00a0 \u00a0 The replica identical with the original kilim from ethnological collection of National Museum of \u0160abac City, woven in the weaving workshop &#8222;Old Crafts&#8220; of city Organization of Disabled Workers and Disabled Pensioners saves part of\u00a0 cultural intangible heritage of \u0160abac area from oblivion. The handicraft products of \u0160abac area \u2013 &#8222;Old Crafts&#8220; are protected by geographical origin marks in Intellectual Property Institute and they are on the international list of cultural intangible heritage.<\/p>\n<p><img loading=\"lazy\" decoding=\"async\" class=\"aligncenter\" src=\"https:\/\/invalidiradasabac.rs\/wp-content\/uploads\/2025\/04\/Izrada-Macvanskog-cilima-latinica_page-0001-e1744721140940.jpg\" alt=\"\" width=\"1077\" height=\"1378\" \/><\/p>\n","protected":false},"excerpt":{"rendered":"<p>\u00a0\u00a0 \u00a0 \u00a0 \u00a0 \u00a0\u00a0 \u00a0 \u00a0 \u00a0 \u00a0 Re\u010d \u0107ilim poti\u010de iz turskog jezika i u na\u0161em narodu ozna\u010dava vunenu tkaninu tkanu na razboju, koja slu\u017ei kao pokriva\u010d pri spavanju, prekriva\u010d za krevet, zidni ukras ili prostirka za pod. \u0106ilim je imao zna\u010dajnu ulogu u obi\u010dajnoj praksi na\u0161eg naroda i pojavljuje se u mnogim [&hellip;]<\/p>\n","protected":false},"author":1,"featured_media":0,"parent":0,"menu_order":0,"comment_status":"closed","ping_status":"closed","template":"","meta":{"footnotes":""},"class_list":["post-1332","page","type-page","status-publish","hentry"],"yoast_head":"<!-- This site is optimized with the Yoast SEO plugin v24.8.1 - https:\/\/yoast.com\/wordpress\/plugins\/seo\/ -->\n<title>Ma\u010dvanski \u0107ilim - Gradska organizacija invalida rada \u0160abac<\/title>\n<meta name=\"robots\" content=\"index, follow, max-snippet:-1, max-image-preview:large, max-video-preview:-1\" \/>\n<link rel=\"canonical\" href=\"https:\/\/invalidiradasabac.rs\/index.php\/macvanski-cilim\/\" \/>\n<meta property=\"og:locale\" content=\"sr_RS\" \/>\n<meta property=\"og:type\" content=\"article\" \/>\n<meta property=\"og:title\" content=\"Ma\u010dvanski \u0107ilim - Gradska organizacija invalida rada \u0160abac\" \/>\n<meta property=\"og:description\" content=\"\u00a0\u00a0 \u00a0 \u00a0 \u00a0 \u00a0\u00a0 \u00a0 \u00a0 \u00a0 \u00a0 Re\u010d \u0107ilim poti\u010de iz turskog jezika i u na\u0161em narodu ozna\u010dava vunenu tkaninu tkanu na razboju, koja slu\u017ei kao pokriva\u010d pri spavanju, prekriva\u010d za krevet, zidni ukras ili prostirka za pod. \u0106ilim je imao zna\u010dajnu ulogu u obi\u010dajnoj praksi na\u0161eg naroda i pojavljuje se u mnogim [&hellip;]\" \/>\n<meta property=\"og:url\" content=\"https:\/\/invalidiradasabac.rs\/index.php\/macvanski-cilim\/\" \/>\n<meta property=\"og:site_name\" content=\"Gradska organizacija invalida rada \u0160abac\" \/>\n<meta property=\"article:publisher\" content=\"https:\/\/www.facebook.com\/invalidirada.sabac.3\/?locale=sr_RS\" \/>\n<meta property=\"article:modified_time\" content=\"2025-04-16T12:21:31+00:00\" \/>\n<meta property=\"og:image\" content=\"https:\/\/invalidiradasabac.rs\/wp-content\/uploads\/2025\/04\/mac.cilim-u-ambalazi.jpg\" \/>\n<meta name=\"twitter:card\" content=\"summary_large_image\" \/>\n<meta name=\"twitter:label1\" content=\"\u041f\u0440\u043e\u0446\u0435\u045a\u0435\u043d\u043e \u0432\u0440\u0435\u043c\u0435 \u0447\u0438\u0442\u0430\u045a\u0430\" \/>\n\t<meta name=\"twitter:data1\" content=\"5 \u043c\u0438\u043d\u0443\u0442\u0430\" \/>\n<script type=\"application\/ld+json\" class=\"yoast-schema-graph\">{\"@context\":\"https:\/\/schema.org\",\"@graph\":[{\"@type\":\"WebPage\",\"@id\":\"https:\/\/invalidiradasabac.rs\/index.php\/macvanski-cilim\/\",\"url\":\"https:\/\/invalidiradasabac.rs\/index.php\/macvanski-cilim\/\",\"name\":\"Ma\u010dvanski \u0107ilim - Gradska organizacija invalida rada \u0160abac\",\"isPartOf\":{\"@id\":\"https:\/\/invalidiradasabac.rs\/#website\"},\"primaryImageOfPage\":{\"@id\":\"https:\/\/invalidiradasabac.rs\/index.php\/macvanski-cilim\/#primaryimage\"},\"image\":{\"@id\":\"https:\/\/invalidiradasabac.rs\/index.php\/macvanski-cilim\/#primaryimage\"},\"thumbnailUrl\":\"https:\/\/invalidiradasabac.rs\/wp-content\/uploads\/2025\/04\/mac.cilim-u-ambalazi.jpg\",\"datePublished\":\"2025-04-15T12:18:26+00:00\",\"dateModified\":\"2025-04-16T12:21:31+00:00\",\"breadcrumb\":{\"@id\":\"https:\/\/invalidiradasabac.rs\/index.php\/macvanski-cilim\/#breadcrumb\"},\"inLanguage\":\"sr-RS\",\"potentialAction\":[{\"@type\":\"ReadAction\",\"target\":[\"https:\/\/invalidiradasabac.rs\/index.php\/macvanski-cilim\/\"]}]},{\"@type\":\"ImageObject\",\"inLanguage\":\"sr-RS\",\"@id\":\"https:\/\/invalidiradasabac.rs\/index.php\/macvanski-cilim\/#primaryimage\",\"url\":\"https:\/\/invalidiradasabac.rs\/wp-content\/uploads\/2025\/04\/mac.cilim-u-ambalazi.jpg\",\"contentUrl\":\"https:\/\/invalidiradasabac.rs\/wp-content\/uploads\/2025\/04\/mac.cilim-u-ambalazi.jpg\",\"width\":1200,\"height\":1600},{\"@type\":\"BreadcrumbList\",\"@id\":\"https:\/\/invalidiradasabac.rs\/index.php\/macvanski-cilim\/#breadcrumb\",\"itemListElement\":[{\"@type\":\"ListItem\",\"position\":1,\"name\":\"\u041f\u043e\u0447\u0435\u0442\u043d\u0430\",\"item\":\"https:\/\/invalidiradasabac.rs\/\"},{\"@type\":\"ListItem\",\"position\":2,\"name\":\"Ma\u010dvanski \u0107ilim\"}]},{\"@type\":\"WebSite\",\"@id\":\"https:\/\/invalidiradasabac.rs\/#website\",\"url\":\"https:\/\/invalidiradasabac.rs\/\",\"name\":\"Gradska organizacija invalida rada i invalidskih penzionera \u0160abac\",\"description\":\"\",\"publisher\":{\"@id\":\"https:\/\/invalidiradasabac.rs\/#organization\"},\"potentialAction\":[{\"@type\":\"SearchAction\",\"target\":{\"@type\":\"EntryPoint\",\"urlTemplate\":\"https:\/\/invalidiradasabac.rs\/?s={search_term_string}\"},\"query-input\":{\"@type\":\"PropertyValueSpecification\",\"valueRequired\":true,\"valueName\":\"search_term_string\"}}],\"inLanguage\":\"sr-RS\"},{\"@type\":\"Organization\",\"@id\":\"https:\/\/invalidiradasabac.rs\/#organization\",\"name\":\"Gradska organizacija invalida rada i invalidskih penzionera \u0160abac\",\"url\":\"https:\/\/invalidiradasabac.rs\/\",\"logo\":{\"@type\":\"ImageObject\",\"inLanguage\":\"sr-RS\",\"@id\":\"https:\/\/invalidiradasabac.rs\/#\/schema\/logo\/image\/\",\"url\":\"https:\/\/invalidiradasabac.rs\/wp-content\/uploads\/2025\/04\/Logo-novi.jpg\",\"contentUrl\":\"https:\/\/invalidiradasabac.rs\/wp-content\/uploads\/2025\/04\/Logo-novi.jpg\",\"width\":166,\"height\":51,\"caption\":\"Gradska organizacija invalida rada i invalidskih penzionera \u0160abac\"},\"image\":{\"@id\":\"https:\/\/invalidiradasabac.rs\/#\/schema\/logo\/image\/\"},\"sameAs\":[\"https:\/\/www.facebook.com\/invalidirada.sabac.3\/?locale=sr_RS\"]}]}<\/script>\n<!-- \/ Yoast SEO plugin. -->","yoast_head_json":{"title":"Ma\u010dvanski \u0107ilim - Gradska organizacija invalida rada \u0160abac","robots":{"index":"index","follow":"follow","max-snippet":"max-snippet:-1","max-image-preview":"max-image-preview:large","max-video-preview":"max-video-preview:-1"},"canonical":"https:\/\/invalidiradasabac.rs\/index.php\/macvanski-cilim\/","og_locale":"sr_RS","og_type":"article","og_title":"Ma\u010dvanski \u0107ilim - Gradska organizacija invalida rada \u0160abac","og_description":"\u00a0\u00a0 \u00a0 \u00a0 \u00a0 \u00a0\u00a0 \u00a0 \u00a0 \u00a0 \u00a0 Re\u010d \u0107ilim poti\u010de iz turskog jezika i u na\u0161em narodu ozna\u010dava vunenu tkaninu tkanu na razboju, koja slu\u017ei kao pokriva\u010d pri spavanju, prekriva\u010d za krevet, zidni ukras ili prostirka za pod. \u0106ilim je imao zna\u010dajnu ulogu u obi\u010dajnoj praksi na\u0161eg naroda i pojavljuje se u mnogim [&hellip;]","og_url":"https:\/\/invalidiradasabac.rs\/index.php\/macvanski-cilim\/","og_site_name":"Gradska organizacija invalida rada \u0160abac","article_publisher":"https:\/\/www.facebook.com\/invalidirada.sabac.3\/?locale=sr_RS","article_modified_time":"2025-04-16T12:21:31+00:00","og_image":[{"url":"https:\/\/invalidiradasabac.rs\/wp-content\/uploads\/2025\/04\/mac.cilim-u-ambalazi.jpg","type":"","width":"","height":""}],"twitter_card":"summary_large_image","twitter_misc":{"\u041f\u0440\u043e\u0446\u0435\u045a\u0435\u043d\u043e \u0432\u0440\u0435\u043c\u0435 \u0447\u0438\u0442\u0430\u045a\u0430":"5 \u043c\u0438\u043d\u0443\u0442\u0430"},"schema":{"@context":"https:\/\/schema.org","@graph":[{"@type":"WebPage","@id":"https:\/\/invalidiradasabac.rs\/index.php\/macvanski-cilim\/","url":"https:\/\/invalidiradasabac.rs\/index.php\/macvanski-cilim\/","name":"Ma\u010dvanski \u0107ilim - Gradska organizacija invalida rada \u0160abac","isPartOf":{"@id":"https:\/\/invalidiradasabac.rs\/#website"},"primaryImageOfPage":{"@id":"https:\/\/invalidiradasabac.rs\/index.php\/macvanski-cilim\/#primaryimage"},"image":{"@id":"https:\/\/invalidiradasabac.rs\/index.php\/macvanski-cilim\/#primaryimage"},"thumbnailUrl":"https:\/\/invalidiradasabac.rs\/wp-content\/uploads\/2025\/04\/mac.cilim-u-ambalazi.jpg","datePublished":"2025-04-15T12:18:26+00:00","dateModified":"2025-04-16T12:21:31+00:00","breadcrumb":{"@id":"https:\/\/invalidiradasabac.rs\/index.php\/macvanski-cilim\/#breadcrumb"},"inLanguage":"sr-RS","potentialAction":[{"@type":"ReadAction","target":["https:\/\/invalidiradasabac.rs\/index.php\/macvanski-cilim\/"]}]},{"@type":"ImageObject","inLanguage":"sr-RS","@id":"https:\/\/invalidiradasabac.rs\/index.php\/macvanski-cilim\/#primaryimage","url":"https:\/\/invalidiradasabac.rs\/wp-content\/uploads\/2025\/04\/mac.cilim-u-ambalazi.jpg","contentUrl":"https:\/\/invalidiradasabac.rs\/wp-content\/uploads\/2025\/04\/mac.cilim-u-ambalazi.jpg","width":1200,"height":1600},{"@type":"BreadcrumbList","@id":"https:\/\/invalidiradasabac.rs\/index.php\/macvanski-cilim\/#breadcrumb","itemListElement":[{"@type":"ListItem","position":1,"name":"\u041f\u043e\u0447\u0435\u0442\u043d\u0430","item":"https:\/\/invalidiradasabac.rs\/"},{"@type":"ListItem","position":2,"name":"Ma\u010dvanski \u0107ilim"}]},{"@type":"WebSite","@id":"https:\/\/invalidiradasabac.rs\/#website","url":"https:\/\/invalidiradasabac.rs\/","name":"Gradska organizacija invalida rada i invalidskih penzionera \u0160abac","description":"","publisher":{"@id":"https:\/\/invalidiradasabac.rs\/#organization"},"potentialAction":[{"@type":"SearchAction","target":{"@type":"EntryPoint","urlTemplate":"https:\/\/invalidiradasabac.rs\/?s={search_term_string}"},"query-input":{"@type":"PropertyValueSpecification","valueRequired":true,"valueName":"search_term_string"}}],"inLanguage":"sr-RS"},{"@type":"Organization","@id":"https:\/\/invalidiradasabac.rs\/#organization","name":"Gradska organizacija invalida rada i invalidskih penzionera \u0160abac","url":"https:\/\/invalidiradasabac.rs\/","logo":{"@type":"ImageObject","inLanguage":"sr-RS","@id":"https:\/\/invalidiradasabac.rs\/#\/schema\/logo\/image\/","url":"https:\/\/invalidiradasabac.rs\/wp-content\/uploads\/2025\/04\/Logo-novi.jpg","contentUrl":"https:\/\/invalidiradasabac.rs\/wp-content\/uploads\/2025\/04\/Logo-novi.jpg","width":166,"height":51,"caption":"Gradska organizacija invalida rada i invalidskih penzionera \u0160abac"},"image":{"@id":"https:\/\/invalidiradasabac.rs\/#\/schema\/logo\/image\/"},"sameAs":["https:\/\/www.facebook.com\/invalidirada.sabac.3\/?locale=sr_RS"]}]}},"_links":{"self":[{"href":"https:\/\/invalidiradasabac.rs\/index.php\/wp-json\/wp\/v2\/pages\/1332","targetHints":{"allow":["GET"]}}],"collection":[{"href":"https:\/\/invalidiradasabac.rs\/index.php\/wp-json\/wp\/v2\/pages"}],"about":[{"href":"https:\/\/invalidiradasabac.rs\/index.php\/wp-json\/wp\/v2\/types\/page"}],"author":[{"embeddable":true,"href":"https:\/\/invalidiradasabac.rs\/index.php\/wp-json\/wp\/v2\/users\/1"}],"replies":[{"embeddable":true,"href":"https:\/\/invalidiradasabac.rs\/index.php\/wp-json\/wp\/v2\/comments?post=1332"}],"version-history":[{"count":8,"href":"https:\/\/invalidiradasabac.rs\/index.php\/wp-json\/wp\/v2\/pages\/1332\/revisions"}],"predecessor-version":[{"id":1345,"href":"https:\/\/invalidiradasabac.rs\/index.php\/wp-json\/wp\/v2\/pages\/1332\/revisions\/1345"}],"wp:attachment":[{"href":"https:\/\/invalidiradasabac.rs\/index.php\/wp-json\/wp\/v2\/media?parent=1332"}],"curies":[{"name":"wp","href":"https:\/\/api.w.org\/{rel}","templated":true}]}}