{"id":156,"date":"2016-03-12T15:06:02","date_gmt":"2016-03-12T15:06:02","guid":{"rendered":"http:\/\/www.milothemes.com\/concept-wordpress\/?page_id=156"},"modified":"2026-02-05T11:09:12","modified_gmt":"2026-02-05T10:09:12","slug":"o-nama","status":"publish","type":"page","link":"https:\/\/invalidiradasabac.rs\/index.php\/o-nama\/","title":{"rendered":"O nama"},"content":{"rendered":"<p>[vc_row][vc_column width=&#8220;2\/3&#8243; offset=&#8220;vc_col-lg-offset-4 vc_col-md-offset-4&#8243;]<div class='headlinetext-left '><h3>Istorija organizacije<\/h3><h6>socijalno-humanitarna organizacija<\/h6><\/div>[\/vc_column][\/vc_row][vc_row css=&#8220;.vc_custom_1457794767122{margin-bottom: 80px !important;}&#8220;][vc_column width=&#8220;1\/2&#8243;][vc_single_image image=&#8220;1056&#8243; img_size=&#8220;full&#8220; alignment=&#8220;center&#8220;][\/vc_column][vc_column width=&#8220;1\/2&#8243;][vc_column_text css=&#8220;.vc_custom_1602675602150{margin-bottom: 50px !important;}&#8220;]Gradska organizacija invalida rada \u0160abac je osnovana 1962. godine u okviru Saveza invalida rada Srbije kao dobrovoljna, socijalno-humanitarna, nestrana\u010dka, nevladina i nedobitna organizacija, odnosno kao udru\u017eenje gra\u0111ana.<\/p>\n<p>Cilj Organizacije je da kroz zajedni\u010dke aktivnosti i inicijative svog \u010dlanstva do\u0111e do re\u0161enja od zajedni\u010dkog interesa svih njenih \u010dlanova.<\/p>\n<p>Dugoro\u010dno zahvaljuju\u0107i gradu koji neguje neprolazne vrednosti i kulturu Gradska organizacija invalida rada \u0160abac \u0107e postati vode\u0107a u afirmaciji i promociji kulturne ba\u0161tine \u0160aba\u010dkog kraja.[\/vc_column_text][\/vc_column][\/vc_row][vc_row][vc_column width=&#8220;2\/3&#8243; offset=&#8220;vc_col-lg-offset-4 vc_col-md-offset-4&#8243;]<div class='headline text-left '><h3>SRBIJA BEZ BARIJERA<\/h3><h1><\/h1><\/div>[\/vc_column][\/vc_row][vc_row css=&#8220;.vc_custom_1457794767122{margin-bottom: 80px !important;}&#8220;][vc_column width=&#8220;1\/2&#8243;][vc_single_image image=&#8220;1398&#8243; img_size=&#8220;full&#8220; alignment=&#8220;center&#8220;][\/vc_column][vc_column width=&#8220;1\/2&#8243;][vc_column_text css=&#8220;.vc_custom_1770285806133{margin-bottom: 50px !important;}&#8220;]<\/p>\n<p>Gradska organizacija invalida rada i invalidskih penzionera \u0160abac je u okviru Saveza invalida rada Srbije, a \u0161ire\u00a0 Ministarstva za rad, zapo\u0161ljavanje, bora\u010dka i socijalna pitanja, putem realizacije programskih konkursa za inapre\u0111enje polo\u017eaja osoba sa invaliditetom, delovala na korisnike invalidskih penzija i invalide rada i delimi\u010dno se starala o unapre\u0111enju li\u010dnog i dru\u0161tvenog standarda, soc.- ekon. polo\u017eaja i socijalne sigurnosti, kao i na razvoju uzajamnih i socijalno &#8211; humanitarnih odnosa na na\u010delima pomo\u0107i i samopomo\u0107i.<\/p>\n<p>U budu\u0107em radu GOIRIIP \u0160abac, SIR Srbije (Savez invalida rada) \u0107e biti partner na\u0161e organizacije u sprovo\u0111enju aktivnosti na realizaciji konkursa za unapre\u0111enje polo\u017eaja OSI.<\/p>\n<p>[\/vc_column_text][\/vc_column][\/vc_row][vc_row][vc_column]<div class='headline center  vc_custom_1595578887756'><h1>Na\u0161 tim<\/h1><h6><\/h6><\/div>[\/vc_column][\/vc_row][vc_row css=&#8220;.vc_custom_1457795774072{margin-bottom: 50px !important;}&#8220;][vc_column width=&#8220;1\/5&#8243;]<div class='about-me '><div class='about-me-image'><div class='about-me-image'><img src='https:\/\/invalidiradasabac.rs\/wp-content\/uploads\/2020\/10\/predsednica1.png' alt='Miroslava Savkovi\u0107'><\/div>\r\n\t<div class='social-media'><\/div>\t\t\t\r\n\t<\/div><h4>Miroslava Savkovi\u0107<\/h4><h6>Predsednica GORI-a<\/h6><\/div>[\/vc_column][vc_column width=&#8220;1\/5&#8243;]<div class='about-me '><div class='about-me-image'><div class='about-me-image'><img src='https:\/\/invalidiradasabac.rs\/wp-content\/uploads\/2020\/10\/nevenka.png' alt='Nevenka Mitrovi\u0107'><\/div>\r\n\t<div class='social-media'><\/div>\t\t\t\r\n\t<\/div><h4>Nevenka Mitrovi\u0107<\/h4><h6>Tehni\u010dki sekretar<\/h6><\/div>[\/vc_column][vc_column width=&#8220;1\/5&#8243;]<div class='about-me '><div class='about-me-image'><div class='about-me-image'><img src='https:\/\/invalidiradasabac.rs\/wp-content\/uploads\/2025\/04\/b.-pantic.png' alt='Biljana Panti\u0107'><\/div>\r\n\t<div class='social-media'><\/div>\t\t\t\r\n\t<\/div><h4>Biljana Panti\u0107<\/h4><h6>Knjigovo\u0111a<\/h6><\/div>[\/vc_column][vc_column width=&#8220;1\/5&#8243;]<div class='about-me '><div class='about-me-image'><div class='about-me-image'><img src='https:\/\/invalidiradasabac.rs\/wp-content\/uploads\/2025\/04\/Novka-1.png' alt='Novka Markovi\u0107'><\/div>\r\n\t<div class='social-media'><\/div>\t\t\t\r\n\t<\/div><h4>Novka Markovi\u0107<\/h4><h6>administrativni radnik<\/h6><\/div>[\/vc_column][vc_column width=&#8220;1\/5&#8243;]<div class='about-me '><div class='about-me-image'><div class='about-me-image'><img src='https:\/\/invalidiradasabac.rs\/wp-content\/uploads\/2020\/10\/natalija.png' alt='Natalija Bo\u017ei\u0107'><\/div>\r\n\t<div class='social-media'><\/div>\t\t\t\r\n\t<\/div><h4>Natalija Bo\u017ei\u0107<\/h4><h6>blagajnica<\/h6><\/div>[\/vc_column][\/vc_row][vc_row full_width=&#8220;stretch_row&#8220; concept_half_enable=&#8220;1&#8243; css=&#8220;.vc_custom_1458218479457{margin-bottom: 125px !important;padding-top: 100px !important;padding-bottom: 80px !important;}&#8220; concept_half_image=&#8220;150&#8243;][vc_column width=&#8220;1\/2&#8243;]<div class='headline center '><h1>TKA\u010cKA RADIONICA ``STARI ZANATI``<\/h1><h6><\/h6><\/div>[vc_column_text css=&#8220;.vc_custom_1744871316661{margin-bottom: 45px !important;}&#8220;]<\/p>\n<p style=\"text-align: justify;\">U tka\u010dkoj radionici &#8222;Stari zanati&#8220; na\u0161e tkalje &#8211; invalidi rada na horizontalnim razbojima tkaju &#8222;Tekeri\u0161ki pe\u0161kir&#8220; i &#8222;Pe\u0161kire \u0161aba\u010dkog kraja&#8220;, koji su koji su za\u0161ti\u0107eni Oznakom geografskog porekla re\u0161enjem br. 990:2018\/20134-14-2018\/000, kao zna\u010dajan deo kulturne ba\u0161tine, koji su uvr\u0161teni u Protokol Vlade Srbije kao pokloni.<br \/>\nOni svedo\u010de o neprolaznosti dela kulturnog nematerijalnog nasle\u0111a \u0161aba\u010dkog kraja i morala srpskog vojnika.<br \/>\nOriginali replika se nalaze u Narodnom muzeju grada \u0160apca i stari su najmanje 100 godina.<\/p>\n<p style=\"text-align: justify;\">U toku dvanaest godina postojanja tka\u010dke radionice \u201eStari zanati&#8220;,stvoreni su predmeti upotrebne vrednosti, dekorativni, odevni i suveniri. Bogatstvo elemenata, floralnih, geometrijskih, raznolikog kolorita utkani su u pomenute predmete a i ve\u017eenisu u tehnici zlatoveza. Primenom tehnike pustovanja vune stvoreni su predmeti neprolazne vrednosti kao svedoci vremena.<\/p>\n<p>[\/vc_column_text][\/vc_column][vc_column width=&#8220;1\/3&#8243;][vc_images_carousel images=&#8220;1061,1353,1062,1354&#8243; img_size=&#8220;full&#8220;][\/vc_column][\/vc_row]<\/p>\n","protected":false},"excerpt":{"rendered":"<p>[vc_row][vc_column width=&#8220;2\/3&#8243; offset=&#8220;vc_col-lg-offset-4 vc_col-md-offset-4&#8243;][\/vc_column][\/vc_row][vc_row css=&#8220;.vc_custom_1457794767122{margin-bottom: 80px !important;}&#8220;][vc_column width=&#8220;1\/2&#8243;][vc_single_image image=&#8220;1056&#8243; img_size=&#8220;full&#8220; alignment=&#8220;center&#8220;][\/vc_column][vc_column width=&#8220;1\/2&#8243;][vc_column_text css=&#8220;.vc_custom_1602675602150{margin-bottom: 50px !important;}&#8220;]Gradska organizacija invalida rada \u0160abac je osnovana 1962. godine u okviru Saveza invalida rada Srbije kao dobrovoljna, socijalno-humanitarna, nestrana\u010dka, nevladina i nedobitna organizacija, odnosno kao udru\u017eenje gra\u0111ana. Cilj Organizacije je da kroz zajedni\u010dke aktivnosti i inicijative svog \u010dlanstva do\u0111e do re\u0161enja [&hellip;]<\/p>\n","protected":false},"author":1,"featured_media":545,"parent":0,"menu_order":0,"comment_status":"closed","ping_status":"closed","template":"","meta":{"footnotes":""},"class_list":["post-156","page","type-page","status-publish","has-post-thumbnail","hentry"],"yoast_head":"<!-- This site is optimized with the Yoast SEO plugin v24.8.1 - https:\/\/yoast.com\/wordpress\/plugins\/seo\/ -->\n<title>O nama - Gradska organizacija invalida rada \u0160abac<\/title>\n<meta name=\"robots\" content=\"index, follow, max-snippet:-1, max-image-preview:large, max-video-preview:-1\" \/>\n<link rel=\"canonical\" href=\"https:\/\/invalidiradasabac.rs\/index.php\/o-nama\/\" \/>\n<meta property=\"og:locale\" content=\"sr_RS\" \/>\n<meta property=\"og:type\" content=\"article\" \/>\n<meta property=\"og:title\" content=\"O nama - Gradska organizacija invalida rada \u0160abac\" \/>\n<meta property=\"og:description\" content=\"[vc_row][vc_column width=&#8220;2\/3&#8243; offset=&#8220;vc_col-lg-offset-4 vc_col-md-offset-4&#8243;][\/vc_column][\/vc_row][vc_row css=&#8220;.vc_custom_1457794767122{margin-bottom: 80px !important;}&#8220;][vc_column width=&#8220;1\/2&#8243;][vc_single_image image=&#8220;1056&#8243; img_size=&#8220;full&#8220; alignment=&#8220;center&#8220;][\/vc_column][vc_column width=&#8220;1\/2&#8243;][vc_column_text css=&#8220;.vc_custom_1602675602150{margin-bottom: 50px !important;}&#8220;]Gradska organizacija invalida rada \u0160abac je osnovana 1962. godine u okviru Saveza invalida rada Srbije kao dobrovoljna, socijalno-humanitarna, nestrana\u010dka, nevladina i nedobitna organizacija, odnosno kao udru\u017eenje gra\u0111ana. Cilj Organizacije je da kroz zajedni\u010dke aktivnosti i inicijative svog \u010dlanstva do\u0111e do re\u0161enja [&hellip;]\" \/>\n<meta property=\"og:url\" content=\"https:\/\/invalidiradasabac.rs\/index.php\/o-nama\/\" \/>\n<meta property=\"og:site_name\" content=\"Gradska organizacija invalida rada \u0160abac\" \/>\n<meta property=\"article:publisher\" content=\"https:\/\/www.facebook.com\/invalidirada.sabac.3\/?locale=sr_RS\" \/>\n<meta property=\"article:modified_time\" content=\"2026-02-05T10:09:12+00:00\" \/>\n<meta property=\"og:image\" content=\"https:\/\/invalidiradasabac.rs\/wp-content\/uploads\/2016\/03\/kkk1.jpg\" \/>\n\t<meta property=\"og:image:width\" content=\"769\" \/>\n\t<meta property=\"og:image:height\" content=\"960\" \/>\n\t<meta property=\"og:image:type\" content=\"image\/jpeg\" \/>\n<meta name=\"twitter:card\" content=\"summary_large_image\" \/>\n<meta name=\"twitter:label1\" content=\"\u041f\u0440\u043e\u0446\u0435\u045a\u0435\u043d\u043e \u0432\u0440\u0435\u043c\u0435 \u0447\u0438\u0442\u0430\u045a\u0430\" \/>\n\t<meta name=\"twitter:data1\" content=\"3 \u043c\u0438\u043d\u0443\u0442\u0430\" \/>\n<script type=\"application\/ld+json\" class=\"yoast-schema-graph\">{\"@context\":\"https:\/\/schema.org\",\"@graph\":[{\"@type\":\"WebPage\",\"@id\":\"https:\/\/invalidiradasabac.rs\/index.php\/o-nama\/\",\"url\":\"https:\/\/invalidiradasabac.rs\/index.php\/o-nama\/\",\"name\":\"O nama - Gradska organizacija invalida rada \u0160abac\",\"isPartOf\":{\"@id\":\"https:\/\/invalidiradasabac.rs\/#website\"},\"primaryImageOfPage\":{\"@id\":\"https:\/\/invalidiradasabac.rs\/index.php\/o-nama\/#primaryimage\"},\"image\":{\"@id\":\"https:\/\/invalidiradasabac.rs\/index.php\/o-nama\/#primaryimage\"},\"thumbnailUrl\":\"https:\/\/invalidiradasabac.rs\/wp-content\/uploads\/2016\/03\/kkk1.jpg\",\"datePublished\":\"2016-03-12T15:06:02+00:00\",\"dateModified\":\"2026-02-05T10:09:12+00:00\",\"breadcrumb\":{\"@id\":\"https:\/\/invalidiradasabac.rs\/index.php\/o-nama\/#breadcrumb\"},\"inLanguage\":\"sr-RS\",\"potentialAction\":[{\"@type\":\"ReadAction\",\"target\":[\"https:\/\/invalidiradasabac.rs\/index.php\/o-nama\/\"]}]},{\"@type\":\"ImageObject\",\"inLanguage\":\"sr-RS\",\"@id\":\"https:\/\/invalidiradasabac.rs\/index.php\/o-nama\/#primaryimage\",\"url\":\"https:\/\/invalidiradasabac.rs\/wp-content\/uploads\/2016\/03\/kkk1.jpg\",\"contentUrl\":\"https:\/\/invalidiradasabac.rs\/wp-content\/uploads\/2016\/03\/kkk1.jpg\",\"width\":769,\"height\":960},{\"@type\":\"BreadcrumbList\",\"@id\":\"https:\/\/invalidiradasabac.rs\/index.php\/o-nama\/#breadcrumb\",\"itemListElement\":[{\"@type\":\"ListItem\",\"position\":1,\"name\":\"\u041f\u043e\u0447\u0435\u0442\u043d\u0430\",\"item\":\"https:\/\/invalidiradasabac.rs\/\"},{\"@type\":\"ListItem\",\"position\":2,\"name\":\"O nama\"}]},{\"@type\":\"WebSite\",\"@id\":\"https:\/\/invalidiradasabac.rs\/#website\",\"url\":\"https:\/\/invalidiradasabac.rs\/\",\"name\":\"Gradska organizacija invalida rada i invalidskih penzionera \u0160abac\",\"description\":\"\",\"publisher\":{\"@id\":\"https:\/\/invalidiradasabac.rs\/#organization\"},\"potentialAction\":[{\"@type\":\"SearchAction\",\"target\":{\"@type\":\"EntryPoint\",\"urlTemplate\":\"https:\/\/invalidiradasabac.rs\/?s={search_term_string}\"},\"query-input\":{\"@type\":\"PropertyValueSpecification\",\"valueRequired\":true,\"valueName\":\"search_term_string\"}}],\"inLanguage\":\"sr-RS\"},{\"@type\":\"Organization\",\"@id\":\"https:\/\/invalidiradasabac.rs\/#organization\",\"name\":\"Gradska organizacija invalida rada i invalidskih penzionera \u0160abac\",\"url\":\"https:\/\/invalidiradasabac.rs\/\",\"logo\":{\"@type\":\"ImageObject\",\"inLanguage\":\"sr-RS\",\"@id\":\"https:\/\/invalidiradasabac.rs\/#\/schema\/logo\/image\/\",\"url\":\"https:\/\/invalidiradasabac.rs\/wp-content\/uploads\/2025\/04\/Logo-novi.jpg\",\"contentUrl\":\"https:\/\/invalidiradasabac.rs\/wp-content\/uploads\/2025\/04\/Logo-novi.jpg\",\"width\":166,\"height\":51,\"caption\":\"Gradska organizacija invalida rada i invalidskih penzionera \u0160abac\"},\"image\":{\"@id\":\"https:\/\/invalidiradasabac.rs\/#\/schema\/logo\/image\/\"},\"sameAs\":[\"https:\/\/www.facebook.com\/invalidirada.sabac.3\/?locale=sr_RS\"]}]}<\/script>\n<!-- \/ Yoast SEO plugin. -->","yoast_head_json":{"title":"O nama - Gradska organizacija invalida rada \u0160abac","robots":{"index":"index","follow":"follow","max-snippet":"max-snippet:-1","max-image-preview":"max-image-preview:large","max-video-preview":"max-video-preview:-1"},"canonical":"https:\/\/invalidiradasabac.rs\/index.php\/o-nama\/","og_locale":"sr_RS","og_type":"article","og_title":"O nama - Gradska organizacija invalida rada \u0160abac","og_description":"[vc_row][vc_column width=&#8220;2\/3&#8243; offset=&#8220;vc_col-lg-offset-4 vc_col-md-offset-4&#8243;][\/vc_column][\/vc_row][vc_row css=&#8220;.vc_custom_1457794767122{margin-bottom: 80px !important;}&#8220;][vc_column width=&#8220;1\/2&#8243;][vc_single_image image=&#8220;1056&#8243; img_size=&#8220;full&#8220; alignment=&#8220;center&#8220;][\/vc_column][vc_column width=&#8220;1\/2&#8243;][vc_column_text css=&#8220;.vc_custom_1602675602150{margin-bottom: 50px !important;}&#8220;]Gradska organizacija invalida rada \u0160abac je osnovana 1962. godine u okviru Saveza invalida rada Srbije kao dobrovoljna, socijalno-humanitarna, nestrana\u010dka, nevladina i nedobitna organizacija, odnosno kao udru\u017eenje gra\u0111ana. Cilj Organizacije je da kroz zajedni\u010dke aktivnosti i inicijative svog \u010dlanstva do\u0111e do re\u0161enja [&hellip;]","og_url":"https:\/\/invalidiradasabac.rs\/index.php\/o-nama\/","og_site_name":"Gradska organizacija invalida rada \u0160abac","article_publisher":"https:\/\/www.facebook.com\/invalidirada.sabac.3\/?locale=sr_RS","article_modified_time":"2026-02-05T10:09:12+00:00","og_image":[{"width":769,"height":960,"url":"https:\/\/invalidiradasabac.rs\/wp-content\/uploads\/2016\/03\/kkk1.jpg","type":"image\/jpeg"}],"twitter_card":"summary_large_image","twitter_misc":{"\u041f\u0440\u043e\u0446\u0435\u045a\u0435\u043d\u043e \u0432\u0440\u0435\u043c\u0435 \u0447\u0438\u0442\u0430\u045a\u0430":"3 \u043c\u0438\u043d\u0443\u0442\u0430"},"schema":{"@context":"https:\/\/schema.org","@graph":[{"@type":"WebPage","@id":"https:\/\/invalidiradasabac.rs\/index.php\/o-nama\/","url":"https:\/\/invalidiradasabac.rs\/index.php\/o-nama\/","name":"O nama - Gradska organizacija invalida rada \u0160abac","isPartOf":{"@id":"https:\/\/invalidiradasabac.rs\/#website"},"primaryImageOfPage":{"@id":"https:\/\/invalidiradasabac.rs\/index.php\/o-nama\/#primaryimage"},"image":{"@id":"https:\/\/invalidiradasabac.rs\/index.php\/o-nama\/#primaryimage"},"thumbnailUrl":"https:\/\/invalidiradasabac.rs\/wp-content\/uploads\/2016\/03\/kkk1.jpg","datePublished":"2016-03-12T15:06:02+00:00","dateModified":"2026-02-05T10:09:12+00:00","breadcrumb":{"@id":"https:\/\/invalidiradasabac.rs\/index.php\/o-nama\/#breadcrumb"},"inLanguage":"sr-RS","potentialAction":[{"@type":"ReadAction","target":["https:\/\/invalidiradasabac.rs\/index.php\/o-nama\/"]}]},{"@type":"ImageObject","inLanguage":"sr-RS","@id":"https:\/\/invalidiradasabac.rs\/index.php\/o-nama\/#primaryimage","url":"https:\/\/invalidiradasabac.rs\/wp-content\/uploads\/2016\/03\/kkk1.jpg","contentUrl":"https:\/\/invalidiradasabac.rs\/wp-content\/uploads\/2016\/03\/kkk1.jpg","width":769,"height":960},{"@type":"BreadcrumbList","@id":"https:\/\/invalidiradasabac.rs\/index.php\/o-nama\/#breadcrumb","itemListElement":[{"@type":"ListItem","position":1,"name":"\u041f\u043e\u0447\u0435\u0442\u043d\u0430","item":"https:\/\/invalidiradasabac.rs\/"},{"@type":"ListItem","position":2,"name":"O nama"}]},{"@type":"WebSite","@id":"https:\/\/invalidiradasabac.rs\/#website","url":"https:\/\/invalidiradasabac.rs\/","name":"Gradska organizacija invalida rada i invalidskih penzionera \u0160abac","description":"","publisher":{"@id":"https:\/\/invalidiradasabac.rs\/#organization"},"potentialAction":[{"@type":"SearchAction","target":{"@type":"EntryPoint","urlTemplate":"https:\/\/invalidiradasabac.rs\/?s={search_term_string}"},"query-input":{"@type":"PropertyValueSpecification","valueRequired":true,"valueName":"search_term_string"}}],"inLanguage":"sr-RS"},{"@type":"Organization","@id":"https:\/\/invalidiradasabac.rs\/#organization","name":"Gradska organizacija invalida rada i invalidskih penzionera \u0160abac","url":"https:\/\/invalidiradasabac.rs\/","logo":{"@type":"ImageObject","inLanguage":"sr-RS","@id":"https:\/\/invalidiradasabac.rs\/#\/schema\/logo\/image\/","url":"https:\/\/invalidiradasabac.rs\/wp-content\/uploads\/2025\/04\/Logo-novi.jpg","contentUrl":"https:\/\/invalidiradasabac.rs\/wp-content\/uploads\/2025\/04\/Logo-novi.jpg","width":166,"height":51,"caption":"Gradska organizacija invalida rada i invalidskih penzionera \u0160abac"},"image":{"@id":"https:\/\/invalidiradasabac.rs\/#\/schema\/logo\/image\/"},"sameAs":["https:\/\/www.facebook.com\/invalidirada.sabac.3\/?locale=sr_RS"]}]}},"_links":{"self":[{"href":"https:\/\/invalidiradasabac.rs\/index.php\/wp-json\/wp\/v2\/pages\/156","targetHints":{"allow":["GET"]}}],"collection":[{"href":"https:\/\/invalidiradasabac.rs\/index.php\/wp-json\/wp\/v2\/pages"}],"about":[{"href":"https:\/\/invalidiradasabac.rs\/index.php\/wp-json\/wp\/v2\/types\/page"}],"author":[{"embeddable":true,"href":"https:\/\/invalidiradasabac.rs\/index.php\/wp-json\/wp\/v2\/users\/1"}],"replies":[{"embeddable":true,"href":"https:\/\/invalidiradasabac.rs\/index.php\/wp-json\/wp\/v2\/comments?post=156"}],"version-history":[{"count":65,"href":"https:\/\/invalidiradasabac.rs\/index.php\/wp-json\/wp\/v2\/pages\/156\/revisions"}],"predecessor-version":[{"id":1404,"href":"https:\/\/invalidiradasabac.rs\/index.php\/wp-json\/wp\/v2\/pages\/156\/revisions\/1404"}],"wp:featuredmedia":[{"embeddable":true,"href":"https:\/\/invalidiradasabac.rs\/index.php\/wp-json\/wp\/v2\/media\/545"}],"wp:attachment":[{"href":"https:\/\/invalidiradasabac.rs\/index.php\/wp-json\/wp\/v2\/media?parent=156"}],"curies":[{"name":"wp","href":"https:\/\/api.w.org\/{rel}","templated":true}]}}